{"id":469,"date":"2024-02-23T20:00:20","date_gmt":"2024-02-23T20:00:20","guid":{"rendered":"https:\/\/gtec.com.mx\/?page_id=469"},"modified":"2024-06-27T21:52:43","modified_gmt":"2024-06-27T21:52:43","slug":"ia-generativa","status":"publish","type":"page","link":"https:\/\/gtec.com.mx\/index.php\/ia-generativa\/","title":{"rendered":"Landing IA Generativa"},"content":{"rendered":"<p><span><a href=\"https:\/\/gtec.com.mx\/\" rel=\"\"><img decoding=\"async\" alt=\"Gtec_Logo_JPG\" data-id=\"824\" width=\"195\" data-init-width=\"1200\" height=\"62\" data-init-height=\"382\" title=\"GTECLOGO1\" loading=\"lazy\" src=\"https:\/\/gtec.com.mx\/wp-content\/uploads\/2024\/03\/GTECLOGO1.png\" data-width=\"195\" data-height=\"62\" style=\"aspect-ratio: auto 1200 \/ 382;\" data-link-wrap=\"1\"><\/a><\/span><span><img decoding=\"async\" alt=\"\" data-id=\"957\" width=\"136\" data-init-width=\"136\" height=\"64\" data-init-height=\"64\" title=\"gtec slogan\" loading=\"lazy\" src=\"https:\/\/gtec.com.mx\/wp-content\/uploads\/2024\/03\/gtec-slogan.png\" data-width=\"136\" data-height=\"64\" style=\"aspect-ratio: auto 136 \/ 64;\"><\/span><\/p>\n<h1 style=\"\"><strong><span style=\"color: rgb(255, 255, 255); background-color: rgb(255, 187, 43);\"><\/span><\/strong><strong>Revoluciona<\/strong> tu negocio hoy con la <strong><span style=\"\">Inteligencia Artificial<\/span><\/strong> Generativa de Google&nbsp;<\/h1>\n<p>Descubre c\u00f3mo la IA personalizada te ayuda a transformar cada desaf\u00edo en una oportunidad de crecimiento.&nbsp;<\/p>\n<p><span><img decoding=\"async\" alt=\"\" data-id=\"967\" width=\"146\" data-init-width=\"207\" height=\"25\" data-init-height=\"36\" title=\"lockup_GoogleCloud_Reverse_rgb_207x36px\" loading=\"lazy\" src=\"https:\/\/gtec.com.mx\/wp-content\/uploads\/2024\/03\/lockup_GoogleCloud_Reverse_rgb_207x36px.png\" data-width=\"146\" data-height=\"25\" style=\"aspect-ratio: auto 207 \/ 36;\"><\/span><span><img decoding=\"async\" alt=\"google partner\" data-id=\"1313\" width=\"160\" data-init-width=\"947\" height=\"49\" data-init-height=\"288\" title=\"Google_Cloud_Partner_no_outline_horizontal\" loading=\"lazy\" src=\"https:\/\/gtec.com.mx\/wp-content\/uploads\/2024\/06\/Google_Cloud_Partner_no_outline_horizontal.png\" data-width=\"160\" data-height=\"49\" style=\"aspect-ratio: auto 947 \/ 288;\"><\/span><\/p>\n<h2 style=\"text-align: center;\"><strong><span style=\"--tcb-applied-color: var$(--tcb-skin-color-22) !important; color: var(--tcb-skin-color-22) !important;\">RECIBIR M\u00c1S INFORMACI\u00d3N DE IA Y<\/span><\/strong><\/h2>\n<h2 style=\"text-align: center;\"><\/h2>\n<h2 style=\"text-align: center;\"><strong><span style=\"--tcb-applied-color: rgb(96, 46, 255) !important; color: rgb(96, 46, 255) !important;\"><span style=\"font-size: 30px !important;\">AGENDAR ASESOR\u00cdA&nbsp;<\/span><\/span><\/strong><\/h2>\n<h2 style=\"text-align: center;\"><strong><span style=\"--tcb-applied-color: rgb(96, 46, 255) !important; color: rgb(96, 46, 255) !important;\"><span style=\"font-size: 30px !important;\"><\/span><span style=\"font-size: 30px !important;\">&nbsp;<\/span><span style=\"font-size: 30px !important;\">GRATUITA<\/span> <\/span><\/strong><\/h2>\n<h2 style=\"text-align: left;\"><strong><span style=\"color: var(--tcb-color-1) !important;\"><span style=\"--tcb-applied-color: var$(--tcb-color-1) !important;\">Soluciones Avanzadas de <\/span><\/span><span style=\"\"><span style=\"\">Inteligencia Artificial<\/span><\/span><span style=\"color: rgb(34, 34, 34);\"> <\/span><span style=\"\"><span style=\"\"><\/span><\/span><span style=\"color: rgb(96, 46, 255) !important;\"><span style=\"--tcb-applied-color: rgb(96, 46, 255) !important;\"> <\/span><\/span><\/strong><\/h2>\n<p>En Gtec ofrecemos soluciones de Inteligencia Artificial avanzadas utilizando el poder de una nueva generaci\u00f3n tecnol\u00f3gica de Google Cloud. Nuestros servicios de Inteligencia Artificial est\u00e1n dirigidos tanto para grandes empresas como para Pymes.<\/p>\n<\/p>\n<p>Con esta nueva generaci\u00f3n de tecnolog\u00eda de Google, tenemos soluciones cada vez m\u00e1s accesibles y adaptables para que l\u00edderes empresariales como t\u00fa, la puedan implementar para enfrentar desaf\u00edos \u00fanicos de negocio.&nbsp;<\/p>\n<p style=\"text-align: center;\"><strong>IA con Google Cloud y Gtec<\/strong><\/p>\n<ul>\n<li><span>Soluciones Personalizadas&nbsp;<\/span><\/li>\n<li><span>Soporte continuo y experiencia<\/span><\/li>\n<li><span>Optimiza tus procesos<\/span><\/li>\n<li><span>Mejora la toma de decisiones<\/span><\/li>\n<li><span>Acelera tu crecimiento<\/span><\/li>\n<\/ul>\n<p><span><img decoding=\"async\" alt=\"Google_Cloud_Partner\" data-id=\"746\" width=\"166\" data-init-width=\"544\" height=\"29\" data-init-height=\"96\" title=\"lockup_GoogleCloud_FullColor_rgb_544x96px\" loading=\"lazy\" src=\"\/\/gtec.com.mx\/wp-content\/uploads\/2024\/03\/lockup_GoogleCloud_FullColor_rgb_544x96px.png\" data-width=\"166\" data-height=\"29\" style=\"aspect-ratio: auto 544 \/ 96;\"><\/span><\/p>\n<h2 style=\"text-align: center;\"><strong><span style=\"\">Las 4 capacidades de la Inteligencia Artificial Generativa de Google<\/span><\/strong><\/h2>\n<p style=\"text-align: center;\">Potencia tu negocio con herramientas que aprenden, adaptan y crean. Desde automatizar tareas complejas hasta generar nuevas ideas, la IA Generativa es tu aliada para un crecimiento inteligente y sostenible.<\/p>\n<p><span><img loading=\"lazy\" decoding=\"async\" alt=\"AI_Google_capabilities_Gtec\" data-id=\"713\" width=\"95\" data-init-width=\"100\" height=\"95\" data-init-height=\"100\" title=\"Creaci\u00f3n\" src=\"\/\/gtec.com.mx\/wp-content\/uploads\/2024\/02\/1-2.png\" data-width=\"95\" data-height=\"95\" style=\"aspect-ratio: auto 100 \/ 100;\"><\/span><\/p>\n<h3 style=\"text-align: center;\">Crear<\/h3>\n<p><span><img loading=\"lazy\" decoding=\"async\" alt=\"AI_google_capabilities_gtec_summarization\" data-id=\"714\" width=\"95\" data-init-width=\"100\" height=\"95\" data-init-height=\"100\" title=\"resumen\" src=\"\/\/gtec.com.mx\/wp-content\/uploads\/2024\/02\/2-2.png\" data-width=\"95\" data-height=\"95\" style=\"aspect-ratio: auto 100 \/ 100;\"><\/span><\/p>\n<h3 style=\"text-align: center;\">Reanudar<\/h3>\n<p><span><img loading=\"lazy\" decoding=\"async\" alt=\"AI_Google_Capabilities_Discovery_Gtec\" data-id=\"715\" width=\"95\" data-init-width=\"100\" height=\"95\" data-init-height=\"100\" title=\"Descubrimiento\" src=\"\/\/gtec.com.mx\/wp-content\/uploads\/2024\/02\/3.png\" data-width=\"95\" data-height=\"95\" style=\"aspect-ratio: auto 100 \/ 100;\"><\/span><\/p>\n<h3 style=\"text-align: center;\">Buscar<\/h3>\n<p><span><img loading=\"lazy\" decoding=\"async\" alt=\"AI_Google_Capabilities_Automation_Gtec\" data-id=\"716\" width=\"95\" data-init-width=\"100\" height=\"95\" data-init-height=\"100\" title=\"Automatizaci\u00f3n\" src=\"\/\/gtec.com.mx\/wp-content\/uploads\/2024\/02\/4-1.png\" data-width=\"95\" data-height=\"95\" style=\"aspect-ratio: auto 100 \/ 100;\"><\/span><\/p>\n<h3 style=\"text-align: center;\">Automatizar<\/h3>\n<h2 style=\"text-align: center;\"><strong><span style=\"color: var(--tcb-color-1) !important;\"><span style=\"--tcb-applied-color: var$(--tcb-color-1) !important;\"> <\/span><\/span><\/strong><strong><span style=\"color: var(--tcb-color-1) !important; --tcb-applied-color: var$(--tcb-color-1) !important;\">Comienza tu viaje hacia la transformaci\u00f3n digital <\/span><span style=\"color: var(--tcb-color-3) !important; --tcb-applied-color: var$(--tcb-color-3) !important;\">utilizando Inteligencia Artificial&nbsp;<\/span><\/strong><\/h2>\n<p style=\"text-align: center;\">Nuestro enfoque paso a paso simplifica la integraci\u00f3n de la Inteligencia Artificial Generativa de Google, poniendo a tu alcance la tecnolog\u00eda de ma\u00f1ana, hoy.&nbsp;<\/p>\n<h2><strong>Principales <span style=\"--tcb-applied-color: rgb(96, 46, 255) !important; color: rgb(96, 46, 255) !important;\">aplicaciones<\/span><\/strong><\/h2>\n<p>Estas son algunas aplicaciones clave de la IA generativa y c\u00f3mo pueden ser aprovechadas por las empresas para mejorar la eficiencia, la innovaci\u00f3n y la toma de decisiones.<\/p>\n<h5>Charlar<\/h5>\n<p>Optimiza la experiencia del cliente con Chatbots elevando la interacci\u00f3n con tus clientes. Maximiza las capacidades de tus productos. La IA Generativa, es ideal para entrenamiento de empleados y mejora del servicio al cliente.<\/p>\n<h5>B\u00fasqueda<\/h5>\n<p>B\u00fasqueda Inteligente y Personalizada: Transforma tus procesos de b\u00fasqueda con la IA Generativa, conectando con bases de conocimientos necesarios para obtener resultados m\u00e1s relevantes y enfocados, mejorando la eficiencia operativa.<\/p>\n<h5>Generaci\u00f3n de Contenido<\/h5>\n<p>Innovaci\u00f3n en Generaci\u00f3n de Contenido: Aprovecha la capacidad de la IA Generativa para crear contenido de texto, im\u00e1genes y voz de alta calidad. Agiliza tus procesos creativos y fomenta la productividad.<\/p>\n<h5>Razonamiento Asociativo<\/h5>\n<p>Descubre el poder del razonamiento asociativo en la IA Generativa. Identifica asociaciones clave en tus datos, proporcion\u00e1ndote insights valiosos basados en contexto, frecuencia y proximidad para una toma de decisiones m\u00e1s informada.<\/p>\n<h2 style=\"text-align: center;\"><strong><span style=\"color: var(--tcb-color-1) !important; --tcb-applied-color: var$(--tcb-color-1) !important;\">Principales <\/span><span><span style=\"color: rgb(96, 46, 255) !important; --tcb-applied-color: rgb(96, 46, 255) !important;\">Beneficios de la IA<\/span><\/span><\/strong><\/h2>\n<h1 style=\"color: var(--tcb-color-1) !important; --tcb-applied-color: var$(--tcb-color-1) !important;\"><strong>Eficiencia en la toma de decisiones<\/strong><\/h1>\n<p>Proin in eros eros. Orci varius natoque penatibus et magnis dis parturient montes, nascetur ridiculus mus. Praesent efficitur mi in purus rhoncus, ornare molestie elit sagittis. Ut bibendum bibendum tincidunt. Mauris sed euismod augue, semper vulputate eros. Donec laoreet leo turpis, id finibus lectus aliquet quis. Proin quis pharetra justo. Ut et malesuada eros. Etiam en blandit nibh. Fusce nisl sem, fringilla non auctor a, mollis vel ex. Vestibulum varius neque lacinia, accumsan tortor eu, ornare leo. Sed et varius sem. Nullam at enim et libero pulvinar cursus.<\/p>\n<h1 style=\"\"><strong>Asistencia continua y personalizada<\/strong><\/h1>\n<h1 style=\"color: var(--tcb-color-1) !important; --tcb-applied-color: var$(--tcb-color-1) !important;\"><strong>Interacci\u00f3n humanizada con clientes<\/strong><\/h1>\n<h1 style=\"color: var(--tcb-color-1) !important; --tcb-applied-color: var$(--tcb-color-1) !important;\"><strong>Acceso a informaci\u00f3n integral y dispersa<\/strong><\/h1>\n<p>Proin in eros eros. Orci varius natoque penatibus et magnis dis parturient montes, nascetur ridiculus mus. Praesent efficitur mi in purus rhoncus, ornare molestie elit sagittis. Ut bibendum bibendum tincidunt. Mauris sed euismod augue, semper vulputate eros. Donec laoreet leo turpis, id finibus lectus aliquet quis. Proin quis pharetra justo. Ut et malesuada eros. Etiam en blandit nibh. Fusce nisl sem, fringilla non auctor a, mollis vel ex. Vestibulum varius neque lacinia, accumsan tortor eu, ornare leo. Sed et varius sem. Nullam at enim et libero pulvinar cursus.<\/p>\n<h1 style=\"color: var(--tcb-color-1) !important; --tcb-applied-color: var$(--tcb-color-1) !important;\"><strong>Innovaci\u00f3n en colaboraci\u00f3n y creaci\u00f3n<\/strong><\/h1>\n<h1><strong><span style=\"--tcb-applied-color: var$(--tcb-color-1) !important; color: var(--tcb-color-1) !important;\">Transformaci\u00f3n Empresarial<\/span><\/strong><\/h1>\n<p style=\"\"><em>&#8221; <strong><span style=\"font-size: 30px !important;\">El 82%<\/span><\/strong> de las empresas de Retail consideran la automatizaci\u00f3n del servicio al cliente como valiosa&#8221;<\/em><\/p>\n<p>Lorem ipsum dolor sit amet, consectetur adipiscing elit. Nam blandit velit vitae cursus rhoncus. Etiam ultrices nibh eu consequat convallis. Nunc lobortis turpis metus, at maximus augue tincidunt ultricies. Nulla ut mauris a libero egetas congue. Aliquam finibus efficitur purus sit amet condimentum. Donec sed consectetur augue. Sed tempor eu ante vitae imperdiet. Duis id molestie ligula, sed imperdiet odio.<\/p>\n<p style=\"text-align: right;\"><em>&#8221; <strong><span style=\"font-size: 30px !important;\">El 79%<\/span><\/strong> de las empresas de Servicios Financieros, consideran valiosos a los Asistentes Virtuales&#8221;<\/em><\/p>\n<p>Lorem ipsum dolor sit amet, consectetur adipiscing elit. Nam blandit velit vitae cursus rhoncus. Etiam ultrices nibh eu consequat convallis. Nunc lobortis turpis metus, at maximus augue tincidunt ultricies. Nulla ut mauris a libero egetas congue. Aliquam finibus efficitur purus sit amet condimentum. Donec sed consectetur augue. Sed tempor eu ante vitae imperdiet. Duis id molestie ligula, sed imperdiet odio.<\/p>\n<h2 style=\"text-align: left;\"><strong><span>\u00danete a la revoluci\u00f3n de la IA Generativa<\/span><\/strong><\/h2>\n<p><span data-token-index=\"0\">Haz que tu empresa se adapte a los cambios tecnol\u00f3gicos f\u00e1cilmente con Google Cloud y Gtec.&nbsp;<\/span><\/p>\n","protected":false},"excerpt":{"rendered":"<p>Revoluciona tu negocio hoy con la Inteligencia Artificial Generativa de Google&nbsp; Descubre c\u00f3mo la IA personalizada te ayuda a transformar cada desaf\u00edo en una oportunidad de crecimiento.&nbsp; RECIBIR M\u00c1S INFORMACI\u00d3N DE IA Y AGENDAR ASESOR\u00cdA&nbsp; &nbsp;GRATUITA Soluciones Avanzadas de Inteligencia Artificial En Gtec ofrecemos soluciones de Inteligencia Artificial avanzadas utilizando el poder de una nueva [&hellip;]<\/p>\n","protected":false},"author":1,"featured_media":0,"parent":0,"menu_order":0,"comment_status":"closed","ping_status":"closed","template":"","meta":{"footnotes":"","tve_updated_post":"","tve_custom_css":"","tve_user_custom_css":"","tve_globals":{},"tcb2_ready":1,"tcb_editor_enabled":1,"tve_landing_page":"blank_v2","_tve_header":"0","_tve_footer":"729"},"class_list":["post-469","page","type-page","status-publish","hentry","post-wrapper","thrv_wrapper"],"yoast_head":"<!-- This site is optimized with the Yoast SEO plugin v23.2 - https:\/\/yoast.com\/wordpress\/plugins\/seo\/ -->\n<title>Inteligencia Artificial Generativa - Google Cloud Partners | Gtec<\/title>\n<meta name=\"description\" content=\"Inteligencia Artificial Generativa con Google Cloud para transformar tu negocio. Ofrecemos soluciones avanzadas y personalizadas para mejorar la eficiencia y creatividad de tu empresa. \u00a1Cont\u00e1ctanos para saber m\u00e1s!\" \/>\n<meta name=\"robots\" content=\"index, follow, max-snippet:-1, max-image-preview:large, max-video-preview:-1\" \/>\n<link rel=\"canonical\" href=\"https:\/\/gtec.com.mx\/index.php\/ia-generativa\/\" \/>\n<meta property=\"og:locale\" content=\"es_MX\" \/>\n<meta property=\"og:type\" content=\"article\" \/>\n<meta property=\"og:title\" content=\"Inteligencia Artificial Generativa - Google Cloud Partners | Gtec\" \/>\n<meta property=\"og:description\" content=\"Inteligencia Artificial Generativa con Google Cloud para transformar tu negocio. Ofrecemos soluciones avanzadas y personalizadas para mejorar la eficiencia y creatividad de tu empresa. \u00a1Cont\u00e1ctanos para saber m\u00e1s!\" \/>\n<meta property=\"og:url\" content=\"https:\/\/gtec.com.mx\/index.php\/ia-generativa\/\" \/>\n<meta property=\"og:site_name\" content=\"Gtec Software S.C.\" \/>\n<meta property=\"article:modified_time\" content=\"2024-06-27T21:52:43+00:00\" \/>\n<meta property=\"og:image\" content=\"https:\/\/gtec.com.mx\/wp-content\/uploads\/2024\/03\/GTECLOGO1.png\" \/>\n<meta name=\"twitter:card\" content=\"summary_large_image\" \/>\n<meta name=\"twitter:label1\" content=\"Tiempo de lectura\" \/>\n\t<meta name=\"twitter:data1\" content=\"6 minutos\" \/>\n<script type=\"application\/ld+json\" class=\"yoast-schema-graph\">{\"@context\":\"https:\/\/schema.org\",\"@graph\":[{\"@type\":\"WebPage\",\"@id\":\"https:\/\/gtec.com.mx\/index.php\/ia-generativa\/\",\"url\":\"https:\/\/gtec.com.mx\/index.php\/ia-generativa\/\",\"name\":\"Inteligencia Artificial Generativa - Google Cloud Partners | Gtec\",\"isPartOf\":{\"@id\":\"https:\/\/gtec.com.mx\/#website\"},\"primaryImageOfPage\":{\"@id\":\"https:\/\/gtec.com.mx\/index.php\/ia-generativa\/#primaryimage\"},\"image\":{\"@id\":\"https:\/\/gtec.com.mx\/index.php\/ia-generativa\/#primaryimage\"},\"thumbnailUrl\":\"https:\/\/gtec.com.mx\/wp-content\/uploads\/2024\/03\/GTECLOGO1.png\",\"datePublished\":\"2024-02-23T20:00:20+00:00\",\"dateModified\":\"2024-06-27T21:52:43+00:00\",\"description\":\"Inteligencia Artificial Generativa con Google Cloud para transformar tu negocio. Ofrecemos soluciones avanzadas y personalizadas para mejorar la eficiencia y creatividad de tu empresa. \u00a1Cont\u00e1ctanos para saber m\u00e1s!\",\"breadcrumb\":{\"@id\":\"https:\/\/gtec.com.mx\/index.php\/ia-generativa\/#breadcrumb\"},\"inLanguage\":\"es\",\"potentialAction\":[{\"@type\":\"ReadAction\",\"target\":[\"https:\/\/gtec.com.mx\/index.php\/ia-generativa\/\"]}]},{\"@type\":\"ImageObject\",\"inLanguage\":\"es\",\"@id\":\"https:\/\/gtec.com.mx\/index.php\/ia-generativa\/#primaryimage\",\"url\":\"https:\/\/gtec.com.mx\/wp-content\/uploads\/2024\/03\/GTECLOGO1.png\",\"contentUrl\":\"https:\/\/gtec.com.mx\/wp-content\/uploads\/2024\/03\/GTECLOGO1.png\",\"width\":1200,\"height\":382,\"caption\":\"Gtec_Logo_JPG\"},{\"@type\":\"BreadcrumbList\",\"@id\":\"https:\/\/gtec.com.mx\/index.php\/ia-generativa\/#breadcrumb\",\"itemListElement\":[{\"@type\":\"ListItem\",\"position\":1,\"name\":\"Home\",\"item\":\"https:\/\/gtec.com.mx\/\"},{\"@type\":\"ListItem\",\"position\":2,\"name\":\"Landing IA Generativa\"}]},{\"@type\":\"WebSite\",\"@id\":\"https:\/\/gtec.com.mx\/#website\",\"url\":\"https:\/\/gtec.com.mx\/\",\"name\":\"Gtec Software S.C.\",\"description\":\"Expertos en Tecnolog\u00edas de la Informaci\u00f3n\",\"potentialAction\":[{\"@type\":\"SearchAction\",\"target\":{\"@type\":\"EntryPoint\",\"urlTemplate\":\"https:\/\/gtec.com.mx\/?s={search_term_string}\"},\"query-input\":\"required name=search_term_string\"}],\"inLanguage\":\"es\"}]}<\/script>\n<!-- \/ Yoast SEO plugin. -->","yoast_head_json":{"title":"Inteligencia Artificial Generativa - Google Cloud Partners | Gtec","description":"Inteligencia Artificial Generativa con Google Cloud para transformar tu negocio. Ofrecemos soluciones avanzadas y personalizadas para mejorar la eficiencia y creatividad de tu empresa. \u00a1Cont\u00e1ctanos para saber m\u00e1s!","robots":{"index":"index","follow":"follow","max-snippet":"max-snippet:-1","max-image-preview":"max-image-preview:large","max-video-preview":"max-video-preview:-1"},"canonical":"https:\/\/gtec.com.mx\/index.php\/ia-generativa\/","og_locale":"es_MX","og_type":"article","og_title":"Inteligencia Artificial Generativa - Google Cloud Partners | Gtec","og_description":"Inteligencia Artificial Generativa con Google Cloud para transformar tu negocio. Ofrecemos soluciones avanzadas y personalizadas para mejorar la eficiencia y creatividad de tu empresa. \u00a1Cont\u00e1ctanos para saber m\u00e1s!","og_url":"https:\/\/gtec.com.mx\/index.php\/ia-generativa\/","og_site_name":"Gtec Software S.C.","article_modified_time":"2024-06-27T21:52:43+00:00","og_image":[{"url":"https:\/\/gtec.com.mx\/wp-content\/uploads\/2024\/03\/GTECLOGO1.png"}],"twitter_card":"summary_large_image","twitter_misc":{"Tiempo de lectura":"6 minutos"},"schema":{"@context":"https:\/\/schema.org","@graph":[{"@type":"WebPage","@id":"https:\/\/gtec.com.mx\/index.php\/ia-generativa\/","url":"https:\/\/gtec.com.mx\/index.php\/ia-generativa\/","name":"Inteligencia Artificial Generativa - Google Cloud Partners | Gtec","isPartOf":{"@id":"https:\/\/gtec.com.mx\/#website"},"primaryImageOfPage":{"@id":"https:\/\/gtec.com.mx\/index.php\/ia-generativa\/#primaryimage"},"image":{"@id":"https:\/\/gtec.com.mx\/index.php\/ia-generativa\/#primaryimage"},"thumbnailUrl":"https:\/\/gtec.com.mx\/wp-content\/uploads\/2024\/03\/GTECLOGO1.png","datePublished":"2024-02-23T20:00:20+00:00","dateModified":"2024-06-27T21:52:43+00:00","description":"Inteligencia Artificial Generativa con Google Cloud para transformar tu negocio. Ofrecemos soluciones avanzadas y personalizadas para mejorar la eficiencia y creatividad de tu empresa. \u00a1Cont\u00e1ctanos para saber m\u00e1s!","breadcrumb":{"@id":"https:\/\/gtec.com.mx\/index.php\/ia-generativa\/#breadcrumb"},"inLanguage":"es","potentialAction":[{"@type":"ReadAction","target":["https:\/\/gtec.com.mx\/index.php\/ia-generativa\/"]}]},{"@type":"ImageObject","inLanguage":"es","@id":"https:\/\/gtec.com.mx\/index.php\/ia-generativa\/#primaryimage","url":"https:\/\/gtec.com.mx\/wp-content\/uploads\/2024\/03\/GTECLOGO1.png","contentUrl":"https:\/\/gtec.com.mx\/wp-content\/uploads\/2024\/03\/GTECLOGO1.png","width":1200,"height":382,"caption":"Gtec_Logo_JPG"},{"@type":"BreadcrumbList","@id":"https:\/\/gtec.com.mx\/index.php\/ia-generativa\/#breadcrumb","itemListElement":[{"@type":"ListItem","position":1,"name":"Home","item":"https:\/\/gtec.com.mx\/"},{"@type":"ListItem","position":2,"name":"Landing IA Generativa"}]},{"@type":"WebSite","@id":"https:\/\/gtec.com.mx\/#website","url":"https:\/\/gtec.com.mx\/","name":"Gtec Software S.C.","description":"Expertos en Tecnolog\u00edas de la Informaci\u00f3n","potentialAction":[{"@type":"SearchAction","target":{"@type":"EntryPoint","urlTemplate":"https:\/\/gtec.com.mx\/?s={search_term_string}"},"query-input":"required name=search_term_string"}],"inLanguage":"es"}]}},"_links":{"self":[{"href":"https:\/\/gtec.com.mx\/index.php\/wp-json\/wp\/v2\/pages\/469","targetHints":{"allow":["GET"]}}],"collection":[{"href":"https:\/\/gtec.com.mx\/index.php\/wp-json\/wp\/v2\/pages"}],"about":[{"href":"https:\/\/gtec.com.mx\/index.php\/wp-json\/wp\/v2\/types\/page"}],"author":[{"embeddable":true,"href":"https:\/\/gtec.com.mx\/index.php\/wp-json\/wp\/v2\/users\/1"}],"replies":[{"embeddable":true,"href":"https:\/\/gtec.com.mx\/index.php\/wp-json\/wp\/v2\/comments?post=469"}],"version-history":[{"count":99,"href":"https:\/\/gtec.com.mx\/index.php\/wp-json\/wp\/v2\/pages\/469\/revisions"}],"predecessor-version":[{"id":1466,"href":"https:\/\/gtec.com.mx\/index.php\/wp-json\/wp\/v2\/pages\/469\/revisions\/1466"}],"wp:attachment":[{"href":"https:\/\/gtec.com.mx\/index.php\/wp-json\/wp\/v2\/media?parent=469"}],"curies":[{"name":"wp","href":"https:\/\/api.w.org\/{rel}","templated":true}]}}